 -9*k - 3203. What are the prime factors of a?
2, 13, 41
Let w(u) = -u**2 + 7*u + 8. Let k(m) = -m**2 + 6*m + 6. Let g be -1 + (3 - 2) - -6. Let a be k(g). What are the prime factors of w(a)?
2, 7
Let w = 3853 + -1873. List the prime factors of w.
2, 3, 5, 11
Suppose -4*a - g - 619 = -6349, 0 = -4*a + 2*g + 5736. List the prime factors of a.
1433
Let r(g) = 14*g**2 + 3*g - 1. Let t be r(-3). Suppose -2*o = 3*m - t, 6*m + 3*o - 117 = 3*m. Suppose -3*y + 85 = -m. List the prime factors of y.
41
Let p(u) = 8*u**2 + 15*u - 133. List the prime factors of p(12).
11, 109
Let k = -52 - -45. Let f(p) = p**2 - 17*p - 18. List the prime factors of f(k).
2, 3, 5
Let y(a) = 2*a**2 + a. Let k(p) = 2*p**3 - p**2 - 3*p + 2. Let i be k(-2). What are the prime factors of y(i)?
2, 3, 23
Suppose 2*z - 18068 = -4*x, -x + 2016 + 2511 = 3*z. What are the prime factors of x?
3, 5, 7, 43
Suppose -12146 = -21*m - 2234. List the prime factors of m.
2, 59
Let w(p) = p**3 + 5*p**2 - 9*p - 1. Let r be w(-6). Suppose 0 = 3*q - 2*v, -3*q = v - 2*v - 3. What are the prime factors of r/q + 9/(-6)?
7
Suppose 0 = -9*v + 15*v + 1986. Let u = v + 484. List the prime factors of u.
3, 17
Suppose -3*o = 3, -5*a + 24 = -3*o + 4*o. Suppose -2*n + a = -3*n. Let w(j) = j**3 + 5*j**2 - 5*j - 3. What are the prime factors of w(n)?
2, 11
Suppose 0 = -18*l + 7*l + 33. Suppose 211 = 4*a - 61. Suppose g = n - 23, 0*g = -l*n + 2*g + a. List the prime factors of n.
2, 11
Suppose -10*f + 14*f - 966 = 2*r, -246 = -f + 5*r. List the prime factors of f.
241
Let p(z) = -z**3 - 14*z**2 - 3*z + 2. Let u be ((-28)/10)/(23/115). What are the prime factors of p(u)?
2, 11
Let r(q) = 2*q**2 - 26*q + 76. List the prime factors of r(15).
2, 17
Let a(h) = 8*h - 7. Let b be a(4). Let j = b + 47. Suppose 16 = -4*i + j. List the prime factors of i.
2, 7
Let f(c) be the first derivative of c**3/3 - 3*c**2 - 7*c - 1. Let k be f(8). Suppose 2*g = -2*r + 69 - k, 0 = 4*r - 20. List the prime factors of g.
5
Let z(r) = r. Suppose -c + 2*s = -11, 2*c + 5*s + 10 - 5 = 0. Suppose -c = a - 2*a. What are the prime factors of z(a)?
5
Suppose 0 = -35*l + 29*l. Suppose 0*z = 3*z - 12. List the prime factors of -1 - (-172)/z - l.
2, 3, 7
Let m = 264 - -29. What are the prime factors of m?
293
What are the prime factors of (760/(-1 - 1))/(-2)*2?
2, 5, 19
Let j(y) = 3*y**3 - 43*y**2 - 28*y + 94. What are the prime factors of j(19)?
2, 577
Suppose -2*v = -7*v + 45. Suppose 3*p + 0 = v. Suppose -x = 4*u - 0*x - 8, p*u + 4*x + 7 = 0. List the prime factors of u.
3
Let u = -579 - -1556. List the prime factors of u.
977
Let a = 53 + -47. Suppose 0 = u - a*v + 3*v - 43, -5*u - 4*v = -177. What are the prime factors of u?
37
Suppose -3*t + 2*q - 20 = 0, -2*t + q = 3*q + 30. What are the prime factors of -69*(7/35 - (-42)/t)?
2, 3, 23
Suppose 6*g = g - 5. What are the prime factors of g/((0 - (-1)/34)*-1)?
2, 17
Let b = 91 - 11. Let h = b - 30. What are the prime factors of h?
2, 5
Let v = 14 + -12. Let s(i) = -2*i - 9 - v + 0*i - i. List the prime factors of s(-7).
2, 5
Suppose 2*b - 3 - 3 = 0. Let m(c) = -c - 9. Let p(v) = 10. Let k(z) = -3*m(z) - 2*p(z). List the prime factors of k(b).
2
Let b(h) = 5*h**3 + 18*h**2 - 32*h + 1. Let n(u) = 3*u**3 + 12*u**2 - 21*u + 1. Let c(q) = 5*b(q) - 8*n(q). List the prime factors of c(6).
3, 5
Let i = 1343 + 140. List the prime factors of i.
1483
Let c = 10311 + -7197. What are the prime factors of c?
2, 3, 173
Let v(g) = -3*g**2 + 92*g + 76. What are the prime factors of v(22)?
2, 3
Let x(k) = k**2 - 5*k + 6. Let j be x(4). Suppose -j*d = -d. Suppose -7*o + 6*o + 9 = d. List the prime factors of o.
3
Let t = 230 - 144. Let j = 8 - 5. Suppose 3*q + j*c - 111 = 0, 2*q - 2*c = -q + t. What are the prime factors of q?
2
Let v = 6457 - 3639. List the prime factors of v.
2, 1409
Let j = -565 - -183. Let w = -92 - j. What are the prime factors of w?
2, 5, 29
Suppose -39*a = -17*a - 1694. What are the prime factors of a?
7, 11
Let i be (20/6)/(2/12). Suppose -w - i - 54 = 4*f, -5*f = -w + 88. Let a = f - -37. What are the prime factors of a?
19
Let g(r) be the second derivative of r**4/12 + 26*r**2 - 28*r. Suppose -10 = 5*s, b + b - 10 = 5*s. List the prime factors of g(b).
2, 13
Let w(g) be the second derivative of g**4/12 + g**3/6 + 7*g**2/2 + g. Let t be w(0). Suppose -5*l + t*l = 60. List the prime factors of l.
2, 3, 5
Let x(i) = -i - 1. Let w be x(-1). Suppose -2*h + h + 22 = w. Suppose 3*b = 11 + h. What are the prime factors of b?
11
Let m(b) be the third derivative of b**7/28 - b**6/180 + b**5/120 + b**3 + 7*b**2. Let u(k) be the first derivative of m(k). What are the prime factors of u(1)?
29
Suppose 0 = m + 5*g - 11, -m + 0*g - 25 = -4*g. Let t = -5 - m. Suppose -z = -t*h + 3, 4*z - 9*z + 48 = h. What are the prime factors of z?
3
Suppose 0 = 4*c - 2*h - 6, 5*c - 2 - 6 = 2*h. Suppose -a + 4*a - 92 = -c*l, a - 49 = 3*l. Let f = a + -21. What are the prime factors of f?
13
Let y(j) = -44*j + 98 - 15*j - 147. What are the prime factors of y(-4)?
11, 17
Suppose 4*k - 75 - 33 = -4*j, -k = -5*j + 129. Let r be (-3)/(2 - j/10). Suppose 5*p = -r*u + 180, 0 = 3*p - 4*u + u - 84. List the prime factors of p.
2
Let r(s) = -2*s**2 + 10*s + 23. Let u(g) = -g**2 - 8*g - 2. Let i be u(-6). Let n be r(i). What are the prime factors of (-4)/14 + (-5566)/n?
2, 3
List the prime factors of (-1)/((91/4844)/(-13)).
2, 173
Let n = 1792 - 1523. What are the prime factors of n?
269
Suppose 4*w - 3*n = 5, 0 = -4*w - w - 4*n + 14. Suppose -52 = -4*p - w*z, 18 = 5*p - 3*p + 3*z. Let h = 37 - p. List the prime factors of h.
2, 11
Let h be (-1 + -3)*1 - -5. List the prime factors of 4/(-2)*h - (1 - 163).
2, 5
Let q(b) = 11*b - 7. Suppose -i = 2*i - 21. What are the prime factors of q(i)?
2, 5, 7
Suppose -2*a = 3*a. Suppose -176 - 74 = -5*n. Suppose -n = -5*k - a*k. List the prime factors of k.
2, 5
Suppose -m - c = -476, 2*c - 7*c + 1422 = 3*m. List the prime factors of m.
479
Let d(a) = -17*a**3. Let z(j) = -j**3 - 13*j**2 + 14*j + 11. Let f be z(-14). Let m = f - 12. What are the prime factors of d(m)?
17
Let x be (-3)/(-3) + -4 + -1. Suppose -2*u - 4*k = -0*k - 10, 7 = -4*u + k. What are the prime factors of 4*u/x + 22?
23
Suppose 0 = 3*n - 15, -3*n + 21 = -2*i - 12. Let f be 0 + (-2 - -2 - 31). Let r = i - f. List the prime factors of r.
2, 11
Let v(z) = -z**2 + 7*z - 6. Let x be v(5). Suppose 13 = -2*h - w, x*h = 3*w - 1 - 0. Let l(d) = -3*d + 1. List the prime factors of l(h).
13
Suppose 7*h + 190 + 48 = 0. Let v = h - -57. List the prime factors of v.
23
Suppose -2*x = -2*q + 588, -1179 = -4*q + 4*x + x. Suppose 5*z - q - 374 = 0. List the prime factors of z.
7, 19
Suppose 5*x = 0, 0*l + 5*x - 1680 = -3*l. Suppose -l = -10*j + 5*j. What are the prime factors of j?
2, 7
Suppose 14*o - 23980 = 968. List the prime factors of o.
2, 3, 11
Let k(x) = 39*x**2 + x + 7. List the prime factors of k(8).
3, 31
Let c(n) = 13*n**3 - 20*n**2 + 58*n - 7. What are the prime factors of c(3)?
2, 13
Let x = -5 - -5. Suppose -3*a = -2*a - 6. Suppose x = -2*u + a. List the prime factors of u.
3
Let i = -3 + 3. Suppose 45 = -i*k + 5*k. List the prime factors of 150/(-4)*(-12)/k.
2, 5
Suppose -18*r = -3*d - 20*r + 2573, 0 = 5*d - 5*r - 4305. What are the prime factors of d?
859
Let u = 399 + 21. List the prime factors of u.
2, 3, 5, 7
Let m(z) = 2*z**2 + 5*z + 17. What are the prime factors of m(-18)?
5, 23
Let t(c) = -6*c + 2. Suppose 2*h - 6*h - 22 = -5*v, 8 = 4*v. What are the prime factors of t(h)?
2, 5
Let o = -7 - -10. Let b be (1/o)/((-6)/18). What are the prime factors of (0/(-4) + b)*-25?
5
List the prime factors of 2102/(-4)*-5*(-2)/(-5).
1051
Let j be 6 + -10 - -1*19. Let w be j/(-10) + 18/(-4). What are the prime factors of 46/6 + 4/w?
7
Let i be (4 + (-32)/3)*-66. What are the prime factors of (i/(-16))/(1/(-2))?
5, 11
Let d = -592 + 880. What are the prime factors of d?
2, 3
Suppose -8*k = -4*k. Suppose -2*f + 68 = -k*f. What are the prime factors of f?
2, 17
Suppose -28*x + 2992 = -11*x. What are the prime factors of x?
2, 11
Let k be (-2)/6 - 2960/30. Let n = k - -155. What are the prime factors of (n + 3)*1 - 0?
59
Let r = -16 - -18. Let q be (-4)/(-4*r)*0. Suppose -u + q*u = -27. What are the prime factors of u?
3
Let